{"id":1133,"date":"2026-03-05T10:52:16","date_gmt":"2026-03-05T13:52:16","guid":{"rendered":"https:\/\/www.autoescolalira.com.br\/site\/?page_id=1133"},"modified":"2026-03-16T10:20:05","modified_gmt":"2026-03-16T13:20:05","slug":"como-se-habilitar-hoje-no-formato-do-cnh-do-brasil","status":"publish","type":"page","link":"https:\/\/www.autoescolalira.com.br\/site\/servicos\/como-se-habilitar-hoje-no-formato-do-cnh-do-brasil\/","title":{"rendered":"Como se habilitar hoje no formato do CNH do Brasil"},"content":{"rendered":"<p>[vc_row][vc_column][vc_tta_tabs][vc_tta_section title=&#8221;1\u00aa HABILITA\u00c7\u00c3O&#8221; tab_id=&#8221;1772717810735-bcb24055-1962&#8243;][vc_column_text]<\/p>\n<h3>\u00c9 muito f\u00e1cil!<\/h3>\n<h4><strong>1\u00ba PASSO \u2013 IN\u00cdCIO DO PROCESSO \u2013 para quem n\u00e3o tem CNH<\/strong><\/h4>\n<ul>\n<li>Baixe o aplicativo CNH do Brasil na loja do seu celular<\/li>\n<li>Acesse com seu login GOV.BR<\/li>\n<li>Fa\u00e7a o cadastro e inicie o curso te\u00f3rico<\/li>\n<\/ul>\n<p>O curso te\u00f3rico \u00e9 gratuito, 100% online e voc\u00ea faz no seu tempo.<\/p>\n<h4><strong>2\u00ba PASSO \u2013 BIOMETRIA E EXAMES<\/strong><\/h4>\n<p>* Voc\u00ea ser\u00e1 chamado para coleta biom\u00e9trica no Poupatempo<\/p>\n<p>Foto da CNH (capricha no visual)<\/p>\n<p>* Ap\u00f3s isso, agende os exames obrigat\u00f3rios:<\/p>\n<p><strong>Exame m\u00e9dico:<\/strong> R$ 90,00<br \/>\n<strong>Psicot\u00e9cnico:<\/strong> R$ 90,000<br \/>\n\u27a1\ufe0f Pagos diretamente na cl\u00ednica<\/p>\n<p>* Agendamento da prova te\u00f3rica: R$52,83<\/p>\n<p>Finalizada essa etapa, come\u00e7a nossa parte!<\/p>\n<p>M\u00ednimo exigido pelo Detran: 02 aulas pr\u00e1ticas<\/p>\n<p>Todos os pacotes incluem:<\/p>\n<ul>\n<li>Aluguel do ve\u00edculo<\/li>\n<li>Acompanhamento no dia da prova<\/li>\n<li>Possibilidade de adicionar mais aulas<\/li>\n<li>Exame pr\u00e1tico agendado por n\u00f3s<\/li>\n<\/ul>\n<h4 style=\"text-align: center;\">( Se n\u00e3o souber fazer, se tiver dificuldade, n\u00e3o se preocupe, pois te ajudamos em tudo desde o come\u00e7o) &#8211;<\/h4>\n<p>[\/vc_column_text][\/vc_tta_section][vc_tta_section title=&#8221;Adi\u00e7\u00e3o de categoria A ou B (in\u00edcio do processo)&#8221; tab_id=&#8221;1772717810749-108210e1-6d52&#8243;][vc_column_text]<\/p>\n<h3>PARA QUEM J\u00c1 TEM UMA HABILITA\u00c7\u00c3O, CARRO OU MOTO<\/h3>\n<h4>1\u00ba -PRIMEIRO PASSO<\/h4>\n<ul>\n<li>Acesse o site do DETRAN.SP<\/li>\n<li>Entre com seu login GOV.BR<\/li>\n<li>Na pesquisa, digite \u201cAdicionar categoria na CNH\u201d<\/li>\n<li>Preencha todas as informa\u00e7\u00f5es solicitadas<\/li>\n<\/ul>\n<p>Agendamento do exame m\u00e9dico<\/p>\n<h4>Importante:<\/h4>\n<p>O exame psicot\u00e9cnico s\u00f3 \u00e9 obrigat\u00f3rio se sua CNH tiver EAR (Exerce Atividade Remunerada) ou caso voc\u00ea queira incluir EAR.<\/p>\n<p><strong>Exame m\u00e9dico:<\/strong> R$ 90,00<br \/>\n<strong>Psicot\u00e9cnico:<\/strong> R$ 90,00<br \/>\n\u27a1\ufe0f Valores pagos diretamente na cl\u00ednica<\/p>\n<h4>\u00a02\u00ba PASSO \u2013 AULAS PR\u00c1TICAS<\/h4>\n<p>M\u00ednimo exigido pelo Detran: 02 aulas pr\u00e1ticas<\/p>\n<p>Todos os pacotes incluem:<\/p>\n<ul>\n<li>\u00a0Aluguel do ve\u00edculo<\/li>\n<li>\u00a0Acompanhamento no dia da prova<\/li>\n<li>\u00a0Possibilidade de adicionar mais aulas<\/li>\n<li>Exame pr\u00e1tico agendado por n\u00f3s<\/li>\n<\/ul>\n<p>[\/vc_column_text][\/vc_tta_section][\/vc_tta_tabs][\/vc_column][\/vc_row]<\/p>\n","protected":false},"excerpt":{"rendered":"<p>[vc_row][vc_column][vc_tta_tabs][vc_tta_section title=&#8221;1\u00aa HABILITA\u00c7\u00c3O&#8221; tab_id=&#8221;1772717810735-bcb24055-1962&#8243;][vc_column_text] \u00c9 muito f\u00e1cil! 1\u00ba PASSO \u2013 IN\u00cdCIO DO PROCESSO \u2013 para quem n\u00e3o tem CNH Baixe o aplicativo CNH do Brasil na loja do seu celular Acesse com seu login GOV.BR Fa\u00e7a o cadastro e inicie o curso te\u00f3rico O curso te\u00f3rico \u00e9 gratuito, 100% online e voc\u00ea faz no seu [&hellip;]<\/p>\n","protected":false},"author":1,"featured_media":0,"parent":52,"menu_order":0,"comment_status":"closed","ping_status":"closed","template":"","meta":{"_links_to":"","_links_to_target":""},"_links":{"self":[{"href":"https:\/\/www.autoescolalira.com.br\/site\/wp-json\/wp\/v2\/pages\/1133"}],"collection":[{"href":"https:\/\/www.autoescolalira.com.br\/site\/wp-json\/wp\/v2\/pages"}],"about":[{"href":"https:\/\/www.autoescolalira.com.br\/site\/wp-json\/wp\/v2\/types\/page"}],"author":[{"embeddable":true,"href":"https:\/\/www.autoescolalira.com.br\/site\/wp-json\/wp\/v2\/users\/1"}],"replies":[{"embeddable":true,"href":"https:\/\/www.autoescolalira.com.br\/site\/wp-json\/wp\/v2\/comments?post=1133"}],"version-history":[{"count":6,"href":"https:\/\/www.autoescolalira.com.br\/site\/wp-json\/wp\/v2\/pages\/1133\/revisions"}],"predecessor-version":[{"id":1168,"href":"https:\/\/www.autoescolalira.com.br\/site\/wp-json\/wp\/v2\/pages\/1133\/revisions\/1168"}],"up":[{"embeddable":true,"href":"https:\/\/www.autoescolalira.com.br\/site\/wp-json\/wp\/v2\/pages\/52"}],"wp:attachment":[{"href":"https:\/\/www.autoescolalira.com.br\/site\/wp-json\/wp\/v2\/media?parent=1133"}],"curies":[{"name":"wp","href":"https:\/\/api.w.org\/{rel}","templated":true}]}}